{"id":155,"date":"2025-10-15T16:24:23","date_gmt":"2025-10-15T16:24:23","guid":{"rendered":"http:\/\/dusacre-edgar.ovh\/?page_id=155"},"modified":"2025-10-15T16:36:05","modified_gmt":"2025-10-15T16:36:05","slug":"opinion-articles","status":"publish","type":"page","link":"https:\/\/dusacre-edgar.ovh\/index.php\/opinion-articles\/","title":{"rendered":"Opinion articles"},"content":{"rendered":"\t\t<div data-elementor-type=\"wp-page\" data-elementor-id=\"155\" class=\"elementor elementor-155\">\n\t\t\t\t<div class=\"elementor-element elementor-element-bf48d53 e-flex e-con-boxed e-con e-parent\" data-id=\"bf48d53\" data-element_type=\"container\">\n\t\t\t\t\t<div class=\"e-con-inner\">\n\t\t\t\t<div class=\"elementor-element elementor-element-0df4be7 elementor-widget elementor-widget-spacer\" data-id=\"0df4be7\" data-element_type=\"widget\" data-widget_type=\"spacer.default\">\n\t\t\t\t\t\t\t<div class=\"elementor-spacer\">\n\t\t\t<div class=\"elementor-spacer-inner\"><\/div>\n\t\t<\/div>\n\t\t\t\t\t\t<\/div>\n\t\t\t\t\t<\/div>\n\t\t\t\t<\/div>\n\t\t<div class=\"elementor-element elementor-element-bab140d e-grid e-con-boxed e-con e-parent\" data-id=\"bab140d\" data-element_type=\"container\">\n\t\t\t\t\t<div class=\"e-con-inner\">\n\t\t\t\t<div class=\"elementor-element elementor-element-09bb0df elementor-position-top elementor-widget elementor-widget-image-box\" data-id=\"09bb0df\" data-element_type=\"widget\" data-widget_type=\"image-box.default\">\n\t\t\t\t\t<div class=\"elementor-image-box-wrapper\"><figure class=\"elementor-image-box-img\"><img fetchpriority=\"high\" decoding=\"async\" width=\"1114\" height=\"468\" src=\"https:\/\/dusacre-edgar.ovh\/wp-content\/uploads\/2025\/10\/Capture-decran-2025-10-15-a-18.29.07.png\" class=\"attachment-full size-full wp-image-159\" alt=\"\" srcset=\"https:\/\/dusacre-edgar.ovh\/wp-content\/uploads\/2025\/10\/Capture-decran-2025-10-15-a-18.29.07.png 1114w, https:\/\/dusacre-edgar.ovh\/wp-content\/uploads\/2025\/10\/Capture-decran-2025-10-15-a-18.29.07-300x126.png 300w, https:\/\/dusacre-edgar.ovh\/wp-content\/uploads\/2025\/10\/Capture-decran-2025-10-15-a-18.29.07-1024x430.png 1024w, https:\/\/dusacre-edgar.ovh\/wp-content\/uploads\/2025\/10\/Capture-decran-2025-10-15-a-18.29.07-768x323.png 768w\" sizes=\"(max-width: 1114px) 100vw, 1114px\" \/><\/figure><div class=\"elementor-image-box-content\"><h3 class=\"elementor-image-box-title\">Biodegradable plastic and chemical charge<\/h3><p class=\"elementor-image-box-description\">\ud83d\udca1 Faut-il consid\u00e9rer les sacs compostables PBAT\/PLA\/amidon comme une avanc\u00e9e chimique ou \u00e9cotoxicologique face au poly\u00e9thyl\u00e8ne (PE) traditionnel ?\nLes donn\u00e9es s\u2019accumulent et remettent profond\u00e9ment en question les compositions chimiques actuellement utilis\u00e9es dans les plastiques biod\u00e9gradables.\n\nLa r\u00e9cente \u00e9tude de Beiras et al. (2025) a apport\u00e9 de nouveaux r\u00e9sultats rigoureux. Les auteurs ont quantifier 130 compos\u00e9s chimiques associ\u00e9s aux plastiques (monomers, additifs, NIAS, produits de d\u00e9gradations) et 23 m\u00e9taux dans diff\u00e9rents sacs plastiques. \nR\u00e9sultat : les sacs compostables int\u00e8grent une charge chimique sup\u00e9rieure, incluant orthophtalates et retardateurs de flamme organophosphor\u00e9s, dont certains sont particuli\u00e8rement pr\u00e9occupants pour la toxicit\u00e9 aquatique ou le potentiel de perturbation endocrinienne. \nAutre point int\u00e9ressant le sac en PE recycl\u00e9 test\u00e9 contient plus de compos\u00e9s organiques et \u00e9galement plus de zinc et de cuivre que le sac en PE non recycl\u00e9. \n\nLes essais \u00e9cotoxicologiques r\u00e9v\u00e8lent une toxicit\u00e9 aigu\u00eb significativement plus \u00e9lev\u00e9e des lixiviats de sacs compostables, mais seulement sur les invert\u00e9br\u00e9s zooplanctoniques, puisque aucun effet n\u2019a \u00e9t\u00e9 observ\u00e9 sur les microalgues et poissons aux concentrations test\u00e9es.\n\nM\u00eame si, dans ce cas pr\u00e9cis, une exposition aigu\u00eb n\u2019a pas entra\u00een\u00e9 de risque majeur pour le milieu marin notamment au niveau du zooplankton, d\u2019autres \u00e9tudes ont soulign\u00e9 que des expositions chroniques aux produits de d\u00e9gradation des plastiques, m\u00eame \u00e0 faibles concentrations, pourraient avoir un impact significatif sur les populations de zooplancton et entrainer des effets \u00e9cologique en cascade (Richon et al., 2024; Langenfeld et al. 2024; Shore et al., 2021).\n\nOui, la compostabilit\u00e9 des mat\u00e9riaux PBAT\/PLA\/amidon ouvre effectivement la voie \u00e0 une optimisation de la gestion de fin de vie des plastiques. Toutefois, cette avanc\u00e9e ne peut \u00eatre consid\u00e9r\u00e9e comme b\u00e9n\u00e9fique que sous r\u00e9serve de la v\u00e9rification de quatre crit\u00e8res essentiels\u202f:\n1- Les micro- et nanoplastiques g\u00e9n\u00e9r\u00e9s doivent \u00eatre rapidement min\u00e9ralis\u00e9s dans le compost et\/ou l\u2019environnement naturel, une condition qui \u00e0 ce jour n\u2019a pas encore \u00e9t\u00e9 d\u00e9montr\u00e9e de fa\u00e7on rigoureuse.\n2- Les compos\u00e9s chimiques rel\u00e2ch\u00e9s doivent \u00eatre non persistants, non mobiles et non bioaccumulables.\n3- Les fili\u00e8res locales de tri, de collecte et de compostage doivent \u00eatre pr\u00eates, transparentes et efficaces.\n4- Les objets produits avec ces mat\u00e9riaux doivent \u00eatre v\u00e9ritablement indispensables aux soci\u00e9t\u00e9s, et aucune alternative socialement, \u00e9nerg\u00e9tiquement et \u00e9cologiquement viable ne doit exister.\n\nEn l\u2019absence de la r\u00e9union de ces quatre conditions, aucune am\u00e9lioration tangible du risque chimique et \u00e9cotoxicologue ne peut \u00eatre affirm\u00e9e.\n\nDe plus rappelons qu'en grande majorit\u00e9 les plastiques biod\u00e9gradables ne solutionnent pas la pollution plastique dans l'environnement puisque leur biod\u00e9gradation ne se v\u00e9rifie que dans certaines conditions de compostage.\n\n\n\nBeiras, R., Concha-Gra\u00f1a, E., Laranjeiro, F. M. G., Fern\u00e1ndez-Gonz\u00e1lez, V., L\u00f3pez-Ib\u00e1\u00f1ez, S., Moscoso-P\u00e9rez, C., Vilas, A., &amp; Muniategui-Lorenzo, S. 2025. \u201cCompostable and Recycled Plastics Do Not Improve Environmental Chemical Safety Compared to Conventional Single-Use Polyethylene.\u201d Science of The Total Environment 996:180116. https:\/\/doi.org\/10.1016\/j.scitotenv.2025.180116.\n\nRichon, C., Gorgues, T., Cole, M., Paul-Pont, I., Maes, C., Tagliabue, A., &amp; Laufk\u00f6tter, C. 2024. \u201cModel Exploration of Microplastic Effects on Zooplankton Grazing Reveal Potential Impacts on the Global Carbon Cycle.\u201d Environmental Research Letters 19(7):074031. https:\/\/doi.org\/10.1088\/1748-9326\/ad5195.\n<br>\nShore, E. A., deMayo, J. A., &amp; Pespeni, M. H. 2021. \u201cMicroplastics Reduce Net Population Growth and Fecal Pellet Sinking Rates for the Marine Copepod, Acartia Tonsa.\u201d Environmental Pollution 284. https:\/\/doi.org\/10.1016\/j.envpol.2021.117379.\n<br>\nLangenfeld, D., Bucci, K., Veneruzzo, C., McNamee, R., Gao, G., Rochman, C. M., Rennie, M. D., Hoffman, M. J., Orihel, D. M., Provencher, J. F., Higgins, S. N., &amp; Paterson, M. J. 2024. \u201cMicroplastics at Environmentally Relevant Concentrations Had Minimal Impacts on Pelagic Zooplankton Communities in a Large In-Lake Mesocosm Experiment.\u201d Environmental Science &amp; Technology 58(43):19419\u201328. https:\/\/doi.org\/10.1021\/acs.est.4c05327.<\/p><\/div><\/div>\t\t\t\t<\/div>\n\t\t\t\t\t<\/div>\n\t\t\t\t<\/div>\n\t\t\t\t<\/div>\n\t\t","protected":false},"excerpt":{"rendered":"<p>Biodegradable plastic and chemical charge \ud83d\udca1 Faut-il consid\u00e9rer les sacs compostables PBAT\/PLA\/amidon comme une avanc\u00e9e chimique ou \u00e9cotoxicologique face au poly\u00e9thyl\u00e8ne (PE) traditionnel ? Les donn\u00e9es s\u2019accumulent et remettent profond\u00e9ment en question les compositions chimiques actuellement utilis\u00e9es dans les plastiques biod\u00e9gradables. La r\u00e9cente \u00e9tude de Beiras et al. (2025) a apport\u00e9 de nouveaux r\u00e9sultats rigoureux. [&hellip;]<\/p>\n","protected":false},"author":1,"featured_media":0,"parent":0,"menu_order":0,"comment_status":"closed","ping_status":"closed","template":"","meta":{"footnotes":""},"class_list":["post-155","page","type-page","status-publish","hentry"],"_links":{"self":[{"href":"https:\/\/dusacre-edgar.ovh\/index.php\/wp-json\/wp\/v2\/pages\/155","targetHints":{"allow":["GET"]}}],"collection":[{"href":"https:\/\/dusacre-edgar.ovh\/index.php\/wp-json\/wp\/v2\/pages"}],"about":[{"href":"https:\/\/dusacre-edgar.ovh\/index.php\/wp-json\/wp\/v2\/types\/page"}],"author":[{"embeddable":true,"href":"https:\/\/dusacre-edgar.ovh\/index.php\/wp-json\/wp\/v2\/users\/1"}],"replies":[{"embeddable":true,"href":"https:\/\/dusacre-edgar.ovh\/index.php\/wp-json\/wp\/v2\/comments?post=155"}],"version-history":[{"count":4,"href":"https:\/\/dusacre-edgar.ovh\/index.php\/wp-json\/wp\/v2\/pages\/155\/revisions"}],"predecessor-version":[{"id":162,"href":"https:\/\/dusacre-edgar.ovh\/index.php\/wp-json\/wp\/v2\/pages\/155\/revisions\/162"}],"wp:attachment":[{"href":"https:\/\/dusacre-edgar.ovh\/index.php\/wp-json\/wp\/v2\/media?parent=155"}],"curies":[{"name":"wp","href":"https:\/\/api.w.org\/{rel}","templated":true}]}}